9).
-12
Suppose 7*j - 15 + 1 = 0. Suppose -j*m - 4*p = 2, 5*m - 5*p - 21 = -2*p. Let n(c) = c**3 - 11*c**2 + c + 17*c**2 - 5*c**2 - m*c. Give n(-2).
0
Suppose 5*z = 5, -30 = 5*s - 3*z - 7. Let l(u) = 6*u - 4. Determine l(s).
-28
Let y(j) = -2*j**3 - 66*j**2 + 70*j + 56. Let a be y(-34). Let i(u) = 24*u + 288. What is i(a)?
0
Suppose -27*a = -32*a - 55. Let x(m) = -2*m - 16 - 18*m**3 + 48*m**3 - 29*m**3 + 11*m**2. Give x(a).
6
Let y(k) = -8*k - 93. Let s be y(-12). Let j(f) = 173*f**3 - 5 - 56*f**s - 60*f**3 - 56*f**3 - 5*f**2 + 4*f. Give j(4).
-5
Let n(r) be the first derivative of r**4/4 + r**3 - 12*r**2 - 8*r + 1431. Determine n(-6).
28
Let d = 819 - 813. Let n be ((-16)/(-20))/2*5. Let r(h) = h + h + n - 15*h + d*h. What is r(2)?
-12
Let h(r) = -148*r + 422*r - 142*r - 134*r - 1. Suppose z + 3*i - 5 = 0, z + i + 20 = 5*z. Suppose -28 = z*j - 0*u + 2*u, 2 = -j - 4*u. Calculate h(j).
11
Let n be -1 + 47/(-6) + (-124)/744. Let d(z) = -z + 29. What is d(n)?
38
Let d(g) be the second derivative of -g**4/12 - g**3 - g**2/2 + 8*g. Let c be (4 - 7)/(-9)*48. Suppose 5*b + c = -9. Calculate d(b).
4
Let l be (4/10)/(-2*3/810). Let j = -49 - l. Suppose -j*s + 15*s = -10. Let r(y) = -6*y**2 + y + 1. Determine r(s).
-6
Let t(n) be the first derivative of -6*n**4 - n**3/3 + 2*n + 1069. Calculate t(-1).
25
Suppose -33*h + 31*h + 22 = -2*x, 0 = 4*x + 5*h + 80. Let n(j) = j**3 + 14*j**2 - 14*j - 18. Determine n(x).
-33
Let s be 3 + 30/40*-6*(-20)/18. Let g(l) = -l**3 + 8*l**2 + 3*l - 10. What is g(s)?
14
Suppose 8*j + 3733 = 3757. Let z(k) be the first derivative of -17 - 11/2*k**2 + 13*k + 1/3*k**j. Calculate z(9).
-5
Let b(h) = -h**3 + 11*h**2 + 152*h + 7. Let i be b(-8). Let g(f) = -8 + 1 + 609*f - 607*f. Calculate g(i).
7
Let f = -5157 + 5147. Let p(r) = r**3 + 8*r**2 - 23*r - 13. Determine p(f).
17
Let h be (-32 - 1)/(15/(-135)). Let z = 295 - h. Let x(y) = 2*y**3 + 3*y**2 + 3*y + 3. Give x(z).
-7
Let g(b) = 7557*b - 7556*b + 4 - 9 + 11. Let f(t) = -6*t**2 - t - 1. Let p be f(-1). Determine g(p).
0
Suppose -15*h + 10 = -35. Let v(t) = 10 - t**h + 0 - t**2 - 16 + 7. Determine v(1).
-1
Let r(w) be the second derivative of w**5/20 - 7*w**4/12 - 31*w**3/6 - 5*w**2 + 146*w + 23. Determine r(10).
-20
Let d(g) = -2. Suppose -60 = -5*w - 7*w. Let y(r) = r - 3. Let p(b) = w*d(b) - 4*y(b). What is p(6)?
-22
Let z(p) = 101*p + 7. Let k(u) = -85*u - 12. Let v(y) = -2*k(y) - 3*z(y). Determine v(-1).
136
Let a(j) = -8*j - 20. Suppose m + 86 = -3*u + 60, m = 4. Determine a(u).
60
Let m(d) = 13*d**2 + 28 - 12 - 23*d**2 - 14 + 8*d**2. Suppose -5*i + 11 = -g - g, 5*g - 4*i = -2. What is m(g)?
-6
Suppose -4*o - 4*h = -84, 0 = 2*o + 4*h + h - 48. Let r(u) = 14 - 20*u + o*u + 0*u. What is r(0)?
14
Let x(g) = -g**3 + 18*g**2 - 32*g - 7. Suppose a + 21 = q, -20*a = -18*a + 10. What is x(q)?
-7
Suppose -4*h = -2*q + 16, -8*q = -11*q + 4*h + 24. Let k(j) = -21*j + 9*j + q*j + 8*j - j**2 + 1. Let v = 2 + 2. What is k(v)?
1
Let p(q) = -10*q - 84. Let o(d) = -5*d - 19. Let h(g) = -5*o(g) + 2*p(g). Calculate h(17).
12
Let k(w) = -157*w - 7. Let h(u) = 13*u. Let o(v) = -12*h(v) - k(v). Let n = 2 + 1. Suppose -q - 28 = n*q. What is o(q)?
0
Let b(v) be the third derivative of v**7/2520 - v**6/120 + v**5/24 + v**4/24 - v**3/3 + 71*v**2. Let m(f) be the second derivative of b(f). Determine m(3).
-4
Suppose 13 - 12 = 12*a - 23. Let s(h) be the third derivative of 1/24*h**4 + 0 + 0*h + 20*h**a - 7/6*h**3. Determine s(0).
-7
Let n = 1396 + -1389. Suppose n*d = d + 42. Let w(v) be the first derivative of v**3/3 - 9*v**2/2 + 8*v + 1. Give w(d).
-6
Let r be (0 + 0 - 1)*-6. Let v(y) = -53*y - 5 - 4 + 39*y + 7*y + 8*y. What is v(r)?
-3
Let o be (-8257)/276 - (-2)/(-24). Let f be (-1 + 0)/((-6)/o). Let v(x) = x**3 + 5*x**2 + 2*x - 1. Calculate v(f).
-11
Let d be 2968/7*(1 + 0). Suppose d*x - 430*x - 60 = 0. Let y(i) = -i**2 - 12*i + 8. Give y(x).
28
Let p(s) be the third derivative of -63*s**2 + 1/120*s**6 + 0 - 7/60*s**5 + 1/3*s**3 + 1/24*s**4 + 0*s. Give p(7).
9
Let n(m) be the third derivative of m**5/12 + m**4/24 - m**3/3 + m**2. Let i = -14 - -123. Let v = i + -107. Calculate n(v).
20
Let v(h) = 312*h + 51. Let i(a) = 66*a + 1. Let l(t) = -5*i(t) + v(t). Determine l(3).
-8
Let a(w) = -5*w - 3. Let q(c) be the third derivative of -c**5/30 - 17*c**4/24 + 13*c**3/6 - 14*c**2. Let g be q(-9). Let y be -4 - -2 - 4/(16/g). Give a(y).
12
Let f(r) = 1 + 15 + 19*r**2 - 20*r**2. Suppose -60*g - 440 = -0*g + 28*g. Determine f(g).
-9
Let v = 13 + -7. Let d(w) = 14*w - 81. Let n(l) = -5*l + 30. Let f(u) = 4*d(u) + 11*n(u). Give f(v).
12
Let w(m) = m - 33. Suppose 33 = 5*s - 4*l - 17, -2*s + 37 = -5*l. What is w(s)?
-27
Let u(k) = 27*k - 49. Let t(j) = -3*j**3 - 313*j**2 - 104*j + 3. Let q be t(-104). What is u(q)?
32
Let g(q) = 9*q**2 - 7*q + 37. Let d(s) = -4*s**2 + 3*s - 17. Let v = -634 + 631. Let m(y) = v*g(y) - 7*d(y). Determine m(0).
8
Let u(g) = 8*g**2 + 80*g + 104. Let z be u(-9). Let q(w) = -5*w + 143. Calculate q(z).
-17
Let b = 1329 - 1332. Let c(o) = -2*o**2 - 12*o - 6. Give c(b).
12
Let p(v) = v**3 - 30*v**2 - 97*v - 10. Let j be p(-3). Let d(f) = -f**2 - 15*f + 18. Calculate d(j).
2
Let k(z) = -7*z + 10. Let m(d) = 75*d + 1138. Let h be m(-15). What is k(h)?
-81
Let d = -52 + 55. Suppose d = 5*n - 8*n - a, 0 = 4*n - a - 3. Let m(r) = r**2 + r - 6. Determine m(n).
-6
Let y(s) = 2*s**2 + 16*s - 4. Let x(w) = 5*w**2 + 42*w - 8. Let o(r) = 3*x(r) - 8*y(r). Let u be (0 + 1)*21/(-3). Calculate o(u).
-27
Suppose 5*g + 435 = -42*i + 37*i, -g - 83 = -3*i. Let s = -84 - g. Let t(k) = 2*k**3 - k**2 - k - 1. Determine t(s).
9
Let i(t) = t**3 - 7*t**2 + 2. Suppose 23*m + 65 = 28*m. Suppose -7*x = -m*x - 252. Let a be (x/(-28))/((-3)/(-14)). Calculate i(a).
2
Suppose 1 - 3 = -342*o - 2. Let b(l) be the third derivative of -23*l**2 + 0*l + 1/24*l**4 + o + 1/2*l**3. Calculate b(5).
8
Suppose -14*g + 8 = -12*g - 4*l, 3*g = 3*l + 3. Let a be 10/20 + 1/g. Let o(y) = y**3 + y**2 - y + 15. Determine o(a).
15
Suppose -57*p - 898 = 413. Let f(m) = m**2 + 29*m + 142. Let l be f(p). Let v(w) = w - 15. Determine v(l).
-11
Suppose -3*k + 12 = 2*b, -2*b - 7 = -2*k - 9. Let h(d) = -6*d + d**3 + 5*d**3 - 7*d**3 + 3 + 0*d**k + 6*d**2. Calculate h(5).
-2
Let d(a) = a + 10. Suppose -3*w - 2*c - 68 = 0, 3*w + 33 + 41 = c. Let f = w + 28. Suppose -2*q + f*q = 0. What is d(q)?
10
Let n(t) = -30*t + 7. Let q(v) = 2*v**3 - 117*v**2 + 580*v + 158. Let b be q(53). Give n(b).
37
Let w be ((-2)/2)/(-1 - -2). Let z(r) be the second derivative of r**4/3 + r**2/2 - 32226*r. Give z(w).
5
Let n(b) = -14*b + 2 + b**3 + 5*b**2 - 3 + 7*b**2. Suppose 48*g + 221 = 12*g - 247. What is n(g)?
12
Suppose j - 254 = -250. Let a(n) = -192*n + 9 - j + 189*n. Give a(8).
-19
Let g(t) be the first derivative of t**6/60 - t**5/20 - t**4/12 + t**3/3 - 13*t**2 + 40. Let f(a) be the second derivative of g(a). Give f(-2).
-22
Let b(p) = -2575*p - 131 + 2576*p + 178. Determine b(21).
68
Let u(x) = -x**3 + 5*x**2 - 3*x - 4. Let b(z) = -41*z**2 - 9*z + 1. Let k be b(1). Let a be (-4)/(-7) + (-168)/k. What is u(a)?
0
Suppose s = 28*s + 25*s. Let l(q) be the second derivative of -q**3 - 1/20*q**5 + 0*q**2 - 7/12*q**4 + s - 5*q. What is l(-6)?
0
Let c(t) = -4*t - 34. Let i(k) = 14*k + 96. Let b(p) = 11*c(p) + 4*i(p). Determine b(-4).
-38
Let l(j) be the third derivative of 1/2*j**4 + 7*j**2 + 0 + 1/720*j**6 + 0*j**3 - 1/30*j**5 + 0*j. Let q(g) be the second derivative of l(g). Calculate q(5).
1
Let i(h) = -7*h**2 + 2*h - 5. Let n(p) = -15*p**2 + 4*p - 11. Suppose 129*t + 52 = 125*t. Let q(g) = t*i(g) + 6*n(g). Calculate q(5).
14
Let p(b) be the third derivative of 17*b**6/120 + b**5/60 + b**4/24 - b**3/6 + 64*b**2 - 16. Calculate p(-1).
-18
Let t(g) be the second derivative of g**3/6 + 8*g**2 + 161*g + 2. Give t(12).
28
Let m be -19 + 25 + 3 + 2 + 1 + -26. Let q(n) = 2*n**2 + 29*n - 6. Determine q(m).
-20
Let v(d) be the second derivative of 0*d**3 + 7/2*d**2 + 1/3*d**4 - 187*d + 0 - 1/20*d**5. Determine v(3).
16
Let o(j) = -128 - 7*j - 6*j**3 + 3*j**2 + j**3 + 125. Let v(g) = -11*g**3 + 5*g**2 - 15*g - 8. Let t(q) = 9*o(q) - 4*v(q). Calculate t(6).
23
Let n(v) = v**2 - 5*v - 54. Let d be n(11). Suppose -2*o + 29 = -5*x - d, -5*o + 36 = -3*x. Let s(g) = -g.